 in base 14?
2814c
3331311123 (base 4) to base 16
fdd5b
270186 (base 16) to base 8
11600606
What is 3023001212 (base 4) in base 8?
3130146
What is 28871 (base 9) in base 16?
4cd2
30e1d6 (base 15) to base 9
4334353
Convert 6336d3 (base 15) to base 9.
8783310
Convert cec8 (base 15) to base 8.
125476
Convert 632327 (base 12) to base 6.
53230051
What is 8397b (base 14) in base 16?
4d7f9
370770 (base 11) to base 8
2171504
Convert -607699 (base 10) to base 5.
-123421244
Convert 401311 (base 7) to base 14.
1a978
-1846b9 (base 13) to base 9
-1128353
What is 47323421 (base 8) in base 12?
3563155
What is 113021 (base 10) in base 7?
650336
-a018 (base 12) to base 7
-101303
Convert 10002221200221 (base 3) to base 12.
678321
What is 506041 (base 9) in base 15?
5dbc1
What is 1556885 (base 9) in base 3?
1121220222212
What is -53319 (base 10) in base 16?
-d047
What is 497896 (base 14) in base 9?
4656870
831295 (base 13) to base 10
3058684
-3b4893 (base 12) to base 9
-1757083
What is -1003012003 (base 4) in base 10?
-274819
Convert -4065224 (base 7) to base 16.
-76db1
-15175 (base 9) to base 7
-42122
-684db (base 14) to base 11
-163447
Convert -667900 (base 13) to base 6.
-123441144
17702 (base 16) to base 6
2020242
1156365 (base 8) to base 15
64674
a45419 (base 15) to base 9
15628766
What is -3306601 (base 7) in base 9?
-677481
Convert 5fd707 (base 16) to base 14.
b96da7
What is 11cb3b (base 14) in base 9?
1131577
157132 (base 12) to base 15
73145
-103330333 (base 4) to base 5
-10103402
What is a9790 (base 11) in base 5?
20044320
What is 146726 (base 11) in base 6?
4521432
-102331001333 (base 4) to base 12
-17b73bb
10110000100111001011 (base 2) to base 6
23301031
What is 30040401 (base 6) in base 13?
2378a7
Convert -31123002023 (base 4) to base 6.
-203225455
-11131432 (base 5) to base 6
-2042144
Convert 60480 (base 9) to base 8.
115522
Convert 1042227 (base 10) to base 5.
231322402
What is -164826 (base 12) in base 8?
-1350636
-17160 (base 12) to base 15
-9bd3
-1183b (base 15) to base 2
-1101101000110000
Convert -20012210112 (base 3) to base 11.
-839a4
What is -1775435 (base 9) in base 3?
-1212112111012
2341460 (base 7) to base 3
120000220102
What is -6359a7 (base 13) in base 3?
-11101011210021
What is 2340600 (base 7) in base 10?
295617
What is -bb55 (base 15) in base 9?
-60378
Convert 331030304 (base 5) to base 9.
2610112
1744347 (base 8) to base 16
7c8e7
What is 39db1 (base 16) in base 7?
2004616
-373431 (base 8) to base 15
-28263
Convert -161714 (base 10) to base 4.
-213132302
101212000110212 (base 3) to base 11
328a201
Convert 202141321 (base 5) to base 4.
3013302200
Convert -15187686 (base 9) to base 11.
-42a1a74
4557c1 (base 13) to base 10
1640302
Convert 106044 (base 14) to base 10.
554348
What is -1798215 (base 10) in base 16?
-1b7047
176411 (base 15) to base 10
1134916
What is 343204 (base 8) in base 12?
57404
Convert 9a3410 (base 14) to base 10.
5233606
Convert -6105135 (base 8) to base 2.
-110001000101001011101
What is -13720553 (base 9) in base 3?
-110210200121210
What is 343320104 (base 6) in base 11?
362a784
Convert 1566353 (base 9) to base 15.
122ecc
What is -3225610 (base 7) in base 2?
-1100000000010100011
Convert 27830444 (base 9) to base 12.
4745794
What is -2bdb6c (base 14) in base 16?
-177094
Convert -11000101100000011111 (base 2) to base 5.
-201341431
What is -3739 (base 16) in base 13?
-6586
11304444 (base 5) to base 13
382b9
What is -121112100000011 (base 3) in base 8?
-41406437
Convert 32221212331 (base 4) to base 10.
3840445
-230304 (base 7) to base 11
-28864
Convert -35080 (base 10) to base 13.
-12c76
Convert 20112451 (base 6) to base 14.
10b7c3
What is -400a205 (base 12) in base 7?
-203446130
Convert 682244 (base 9) to base 4.
1203231322
What is -408a8 (base 14) in base 5?
-14433010
What is -2541252 (base 7) in base 10?
-329415
What is 500c6 (base 14) in base 6?
4042022
20033313 (base 4) to base 10
33783
What is 4b8ee3 (base 15) in base 5?
1411442423
What is -9a7454 (base 11) in base 2?
-110001000000001100001
Convert -121244112 (base 5) to base 12.
-236a86
Convert -10011000010010010110101 (base 2) to base 15.
-688858
-b1718 (base 12) to base 9
-381602
-45487 (base 12) to base 2
-10110100001100111
-1211342243 (base 5) to base 13
-785a85
-220210120001 (base 3) to base 14
-c9c4b
144100342 (base 5) to base 14
160299
What is -30121023 (base 6) in base 16?
-cf9e7
1114226 (base 8) to base 10
301206
91326 (base 11) to base 8
404563
4019c0 (base 16) to base 14
7b4d20
Convert -641f10 (base 16) to base 2.
-11001000001111100010000
Convert 110010111010001 (base 2) to base 10.
26065
Convert 303310001 (base 4) to base 9.
353105
What is 23330022 (base 4) in base 10?
48906
1b97dc3 (base 15) to base 8
115120074
What is 33407 (base 11) in base 3?
2110101212
What is -c901a (base 13) in base 15?
-72638
What is 3046b7 (base 12) in base 13?
2054c8
Convert 22423442 (base 5) to base 14.
53747
-77602 (base 14) to base 3
-112200211202
Convert 220120312 (base 4) to base 11.
103321
Convert 1334062 (base 7) to base 9.
288331
What is -dd186 (base 16) in base 3?
-1201000020222
What is 1213212 (base 6) in base 16?
fae8
What is -1660100 (base 8) in base 14?
-c8240
Convert -2333441233 (base 5) to base 15.
-7126e8
Convert 34143414 (base 5) to base 7.
2401223
20342404 (base 5) to base 12
815bb
Convert -101101101011010011 (base 2) to base 11.
-118623
Convert 334420414 (base 5) to base 13.
3cbaab
Convert -50224513 (base 7) to base 4.
-33313010332
What is -95599 (base 12) in base 7?
-1444503
Convert 10001101110001010 (base 2) to base 12.
3600a
What is -2897971 (base 10) in base 6?
-142040311
What is 2202333002 (base 4) in base 10?
667586
Convert -1022000101 (base 4) to base 12.
-127501
What is 1c8d2 (base 16) in base 4?
130203102
Convert 3001001201 (base 4) to base 7.
6502013
22706237 (base 9) to base 4
222020331031
-2645a5 (base 11) to base 9
-703563
What is -11312023312 (base 4) in base 5?
-343021122
What is -1014415203 (base 6) in base 13?
-226487a
Convert 38176 (base 9) to base 4.
12101001
What is -1021121220 (base 3) in base 8?
-61232
What is 212131 (base 6) in base 4?
10032313
What is -1011001000000101000 (base 2) in base 6?
-11451520
Convert -44543222 (base 6) to base 11.
-843173
Convert 111011001000101000110100 (base 2) to base 15.
1563236
What is 182604 (base 9) in base 15?
2395a
Convert -1441202 (base 7) to base 8.
-574554
680e2a (base 15) to base 13
104a850
-301302 (base 8) to base 7
-561442
What is -20258 (base 10) in base 7?
-113030
50863 (base 12) to base 6
2125403
-10020211100 (base 3) to base 2
-1111101000011010
What is 2319439 (base 10) in base 3?
11100211200011
-572527 (base 10) to base 13
-170797
What is 2580247 (base 9) in base 7?
14664115
What is 399cb (base 13) in base 3?
12102222022
145614 (base 8) to base 10
52108
Convert -100010001010001100000 (base 2) to base 12.
-45b914
What is -a8b0c (base 14) in base 7?
-3320215
What is 1367b5 (base 12) in base 7?
2512250
Convert -20022110221000 (base 3) to base 6.
-155530513
390492 (base 12) to base 10
933806
Convert 4a79b (base 15) to base 12.
b586b
What is -367de8 (base 16) in base 15?
-4a81d6
313213040 (base 5) to base 3
2110020221200
Convert 13135431 (base 6) to base 10.
432811
What is 13284b (base 12) in base 9?
531055
Convert 326c3 (base 13) to base 14.
2537c
Convert 1300330330 (base 4) to base 15.
92137
What is 448920 (base 14) in base 12?
943768
Convert -438680 (base 10) to base 2.
-1101011000110011000
1614644 (base 9) to base 10
895738
What is -364004 (base 8) in base 15?
-2703c
Convert 1042022 (base 6) to base 8.
146076
Convert 14a56 (base 14) to base 15.
10388
Convert -715195 (base 11) to base 4.
-10120133032
13202012102 (base 4) to base 14
3958c2
What is 440100530 (base 6) in base 16?
77b926
Convert -6348d1 (base 15) to base 16.
-4813a5
-27ce3 (base 16) to base 9
-267578
Convert -1365406 (base 13) to base 6.
-335130321
-114441303 (base 5) to base 7
-4434105
-205151402 (base 6) to base 5
-1410412010
What is 421313133 (base 5) in base 10?
1744793
-11122220011 (base 3) to base 11
-62a54
Convert -53320 (base 13) to base 5.
-14244204
What is 302908 (base 10) in base 13?
a7b48
What is 24d0b6 (base 16) in base 2?
1001001101000010110110
What is -183950 (base 11) in base 6?
-10023352
What is -130402 